{"id":7906,"date":"2014-03-01T18:09:44","date_gmt":"2014-03-01T18:09:44","guid":{"rendered":"http:\/\/www.mycielewo.interman.com.pl\/?page_id=7906"},"modified":"2026-02-16T18:24:45","modified_gmt":"2026-02-16T18:24:45","slug":"rekrutacja","status":"publish","type":"page","link":"https:\/\/mycielewo.pl\/?page_id=7906","title":{"rendered":"Rekrutacja"},"content":{"rendered":"\n<p class=\"has-medium-font-size\">Poni\u017cej zamieszczamy wykaz dokument\u00f3w niezb\u0119dnych w procesie rekrutacji do Szko\u0142y Podstawowej w Mycielewie.<\/p>\n\n\n\n<p class=\"has-text-align-center\"><a href=\"http:\/\/mycielewo.pl\/wp-content\/uploads\/2014\/03\/O\u015bwiadczenie-rodzina-wielodzietna1.pdf\">O\u015bwiadczenie &#8211; rodzina wielodzietna<\/a><\/p>\n\n\n\n<p class=\"has-text-align-center\"><a href=\"http:\/\/mycielewo.pl\/wp-content\/uploads\/2014\/03\/O\u015bwiadczenie-samotnie-wych.-dziecko1.pdf\">O\u015bwiadczenie &#8211; samotnie wych. dziecko<\/a><\/p>\n\n\n\n<div class=\"wp-block-file aligncenter\"><a id=\"wp-block-file--media-0bef3874-9bd7-4ffd-a3f6-1598abe8b61d\" href=\"https:\/\/mycielewo.pl\/wp-content\/uploads\/2024\/03\/Deklaracja-o-kontynuowaniu-wychowania-przedszkolnego.doc\">Deklaracja o kontynuowaniu wychowania przedszkolnego<\/a><a href=\"https:\/\/mycielewo.pl\/wp-content\/uploads\/2024\/03\/Deklaracja-o-kontynuowaniu-wychowania-przedszkolnego.doc\" class=\"wp-block-file__button wp-element-button\" download aria-describedby=\"wp-block-file--media-0bef3874-9bd7-4ffd-a3f6-1598abe8b61d\">Pobierz<\/a><\/div>\n\n\n\n<div class=\"wp-block-file aligncenter\"><a id=\"wp-block-file--media-5fe818d1-4a79-4eb5-9b28-acf00275a099\" href=\"https:\/\/mycielewo.pl\/wp-content\/uploads\/2024\/03\/zalacznik_nr_2_1_wniosek_o_przyjecie_do_oddzialu_przedszkolnego-2.doc\">Wniosek o przyj\u0119cie do oddzia\u0142u przedszkolnego<\/a><a href=\"https:\/\/mycielewo.pl\/wp-content\/uploads\/2024\/03\/zalacznik_nr_2_1_wniosek_o_przyjecie_do_oddzialu_przedszkolnego-2.doc\" class=\"wp-block-file__button wp-element-button\" download aria-describedby=\"wp-block-file--media-5fe818d1-4a79-4eb5-9b28-acf00275a099\">Pobierz<\/a><\/div>\n\n\n\n<div class=\"wp-block-file aligncenter\"><a id=\"wp-block-file--media-f00280ac-d36d-4b44-8ebc-92ea888cb6de\" href=\"https:\/\/mycielewo.pl\/wp-content\/uploads\/2024\/03\/Wniosek-o-przyjecie-dziecka-do-pierwszej-klasy.doc\">Wniosek o przyj\u0119cie dziecka do pierwszej klasy<\/a><a href=\"https:\/\/mycielewo.pl\/wp-content\/uploads\/2024\/03\/Wniosek-o-przyjecie-dziecka-do-pierwszej-klasy.doc\" class=\"wp-block-file__button wp-element-button\" download aria-describedby=\"wp-block-file--media-f00280ac-d36d-4b44-8ebc-92ea888cb6de\">Pobierz<\/a><\/div>\n\n\n\n<div class=\"wp-block-file aligncenter\"><a id=\"wp-block-file--media-dc7a44cc-d6d9-4c13-a77e-69c0dc1aa227\" href=\"https:\/\/mycielewo.pl\/wp-content\/uploads\/2024\/03\/Wniosek-o-przyjecie-dziecka-do-pierwszej-klasy-w-obwodzie-szkoly.doc\">Wniosek o przyj\u0119cie dziecka do pierwszej klasy w obwodzie szko\u0142y<\/a><a href=\"https:\/\/mycielewo.pl\/wp-content\/uploads\/2024\/03\/Wniosek-o-przyjecie-dziecka-do-pierwszej-klasy-w-obwodzie-szkoly.doc\" class=\"wp-block-file__button wp-element-button\" download aria-describedby=\"wp-block-file--media-dc7a44cc-d6d9-4c13-a77e-69c0dc1aa227\">Pobierz<\/a><\/div>\n","protected":false},"excerpt":{"rendered":"<p>Poni\u017cej zamieszczamy wykaz dokument\u00f3w niezb\u0119dnych w procesie rekrutacji do Szko\u0142y Podstawowej w Mycielewie. O\u015bwiadczenie &#8211; rodzina wielodzietna O\u015bwiadczenie &#8211; samotnie wych. dziecko<\/p>\n","protected":false},"author":1,"featured_media":0,"parent":0,"menu_order":0,"comment_status":"open","ping_status":"open","template":"","meta":{"footnotes":""},"class_list":["post-7906","page","type-page","status-publish","hentry"],"_links":{"self":[{"href":"https:\/\/mycielewo.pl\/index.php?rest_route=\/wp\/v2\/pages\/7906","targetHints":{"allow":["GET"]}}],"collection":[{"href":"https:\/\/mycielewo.pl\/index.php?rest_route=\/wp\/v2\/pages"}],"about":[{"href":"https:\/\/mycielewo.pl\/index.php?rest_route=\/wp\/v2\/types\/page"}],"author":[{"embeddable":true,"href":"https:\/\/mycielewo.pl\/index.php?rest_route=\/wp\/v2\/users\/1"}],"replies":[{"embeddable":true,"href":"https:\/\/mycielewo.pl\/index.php?rest_route=%2Fwp%2Fv2%2Fcomments&post=7906"}],"version-history":[{"count":59,"href":"https:\/\/mycielewo.pl\/index.php?rest_route=\/wp\/v2\/pages\/7906\/revisions"}],"predecessor-version":[{"id":60847,"href":"https:\/\/mycielewo.pl\/index.php?rest_route=\/wp\/v2\/pages\/7906\/revisions\/60847"}],"wp:attachment":[{"href":"https:\/\/mycielewo.pl\/index.php?rest_route=%2Fwp%2Fv2%2Fmedia&parent=7906"}],"curies":[{"name":"wp","href":"https:\/\/api.w.org\/{rel}","templated":true}]}}

<p class="has-medium-font-size">Poniżej zamieszczamy wykaz dokumentów niezbędnych w procesie rekrutacji do Szkoły Podstawowej w Mycielewie.</p>



<p class="has-text-align-center"><a href="http://mycielewo.pl/wp-content/uploads/2014/03/Oświadczenie-rodzina-wielodzietna1.pdf">Oświadczenie &#8211; rodzina wielodzietna</a></p>



<p class="has-text-align-center"><a href="http://mycielewo.pl/wp-content/uploads/2014/03/Oświadczenie-samotnie-wych.-dziecko1.pdf">Oświadczenie &#8211; samotnie wych. dziecko</a></p>



<div class="wp-block-file aligncenter"><a id="wp-block-file--media-0bef3874-9bd7-4ffd-a3f6-1598abe8b61d" href="https://mycielewo.pl/wp-content/uploads/2024/03/Deklaracja-o-kontynuowaniu-wychowania-przedszkolnego.doc">Deklaracja o kontynuowaniu wychowania przedszkolnego</a><a href="https://mycielewo.pl/wp-content/uploads/2024/03/Deklaracja-o-kontynuowaniu-wychowania-przedszkolnego.doc" class="wp-block-file__button wp-element-button" download aria-describedby="wp-block-file--media-0bef3874-9bd7-4ffd-a3f6-1598abe8b61d">Pobierz</a></div>



<div class="wp-block-file aligncenter"><a id="wp-block-file--media-5fe818d1-4a79-4eb5-9b28-acf00275a099" href="https://mycielewo.pl/wp-content/uploads/2024/03/zalacznik_nr_2_1_wniosek_o_przyjecie_do_oddzialu_przedszkolnego-2.doc">Wniosek o przyjęcie do oddziału przedszkolnego</a><a href="https://mycielewo.pl/wp-content/uploads/2024/03/zalacznik_nr_2_1_wniosek_o_przyjecie_do_oddzialu_przedszkolnego-2.doc" class="wp-block-file__button wp-element-button" download aria-describedby="wp-block-file--media-5fe818d1-4a79-4eb5-9b28-acf00275a099">Pobierz</a></div>



<div class="wp-block-file aligncenter"><a id="wp-block-file--media-f00280ac-d36d-4b44-8ebc-92ea888cb6de" href="https://mycielewo.pl/wp-content/uploads/2024/03/Wniosek-o-przyjecie-dziecka-do-pierwszej-klasy.doc">Wniosek o przyjęcie dziecka do pierwszej klasy</a><a href="https://mycielewo.pl/wp-content/uploads/2024/03/Wniosek-o-przyjecie-dziecka-do-pierwszej-klasy.doc" class="wp-block-file__button wp-element-button" download aria-describedby="wp-block-file--media-f00280ac-d36d-4b44-8ebc-92ea888cb6de">Pobierz</a></div>



<div class="wp-block-file aligncenter"><a id="wp-block-file--media-dc7a44cc-d6d9-4c13-a77e-69c0dc1aa227" href="https://mycielewo.pl/wp-content/uploads/2024/03/Wniosek-o-przyjecie-dziecka-do-pierwszej-klasy-w-obwodzie-szkoly.doc">Wniosek o przyjęcie dziecka do pierwszej klasy w obwodzie szkoły</a><a href="https://mycielewo.pl/wp-content/uploads/2024/03/Wniosek-o-przyjecie-dziecka-do-pierwszej-klasy-w-obwodzie-szkoly.doc" class="wp-block-file__button wp-element-button" download aria-describedby="wp-block-file--media-dc7a44cc-d6d9-4c13-a77e-69c0dc1aa227">Pobierz</a></div>

<p>Poniżej zamieszczamy wykaz dokumentów niezbędnych w procesie rekrutacji do Szkoły Podstawowej w Mycielewie. Oświadczenie &#8211; rodzina wielodzietna Oświadczenie &#8211; samotnie wych. dziecko</p>
