{"id":69,"date":"2012-01-25T06:36:10","date_gmt":"2012-01-25T06:36:10","guid":{"rendered":"http:\/\/www.mycielewo.interman.com.pl\/?page_id=69"},"modified":"2026-04-20T21:00:32","modified_gmt":"2026-04-20T21:00:32","slug":"dokumenty-szkoly","status":"publish","type":"page","link":"https:\/\/mycielewo.pl\/?page_id=69","title":{"rendered":"Dokumenty szko\u0142y"},"content":{"rendered":"\n<p>W tym miejscu udost\u0119pniamy dokumenty zwi\u0105zane z funkcjonowaniem naszej plac\u00f3wki o\u015bwiatowej.<\/p>\n\n\n\n<div class=\"wp-block-file\"><a id=\"wp-block-file--media-d48d4072-b147-40d0-824f-dd962a1f8e4b\" href=\"https:\/\/mycielewo.pl\/wp-content\/uploads\/2025\/11\/Program_Wychowawczo-Profilaktyczny_2025.docx\">Program_Wychowawczo-Profilaktyczny_2025<\/a><a href=\"https:\/\/mycielewo.pl\/wp-content\/uploads\/2025\/11\/Program_Wychowawczo-Profilaktyczny_2025.docx\" class=\"wp-block-file__button wp-element-button\" download aria-describedby=\"wp-block-file--media-d48d4072-b147-40d0-824f-dd962a1f8e4b\">Pobierz<\/a><\/div>\n\n\n\n<div class=\"wp-block-file\"><a id=\"wp-block-file--media-5f5c9908-5324-4a3e-9665-09159eaf8780\" href=\"https:\/\/mycielewo.pl\/wp-content\/uploads\/2025\/11\/Program_Wychowawczo-Profilaktyczny_2025.pdf\">Program_Wychowawczo-Profilaktyczny_2025<\/a><a href=\"https:\/\/mycielewo.pl\/wp-content\/uploads\/2025\/11\/Program_Wychowawczo-Profilaktyczny_2025.pdf\" class=\"wp-block-file__button wp-element-button\" download aria-describedby=\"wp-block-file--media-5f5c9908-5324-4a3e-9665-09159eaf8780\">Pobierz<\/a><\/div>\n\n\n\n<div class=\"wp-block-file\"><a id=\"wp-block-file--media-0a929b68-296c-4fa8-8b5e-a2a4c484f90f\" href=\"https:\/\/mycielewo.pl\/wp-content\/uploads\/2026\/02\/Statut-Szkoly-Podstawowej-w-Mycielewie.docx\">Statut-Szkoly-Podstawowej-w-Mycielewie.doc<\/a><a href=\"https:\/\/mycielewo.pl\/wp-content\/uploads\/2026\/02\/Statut-Szkoly-Podstawowej-w-Mycielewie.docx\" class=\"wp-block-file__button wp-element-button\" download aria-describedby=\"wp-block-file--media-0a929b68-296c-4fa8-8b5e-a2a4c484f90f\">Pobierz<\/a><\/div>\n\n\n\n<div class=\"wp-block-file\"><a id=\"wp-block-file--media-ff2f2151-1d07-4982-8fea-03a888e8e22a\" href=\"https:\/\/mycielewo.pl\/wp-content\/uploads\/2026\/02\/Statut-Szkoly-Podstawowej-w-Mycielewie.pdf\">Statut-Szkoly-Podstawowej-w-Mycielewie.pdf<\/a><a href=\"https:\/\/mycielewo.pl\/wp-content\/uploads\/2026\/02\/Statut-Szkoly-Podstawowej-w-Mycielewie.pdf\" class=\"wp-block-file__button wp-element-button\" download aria-describedby=\"wp-block-file--media-ff2f2151-1d07-4982-8fea-03a888e8e22a\">Pobierz<\/a><\/div>\n\n\n\n<div class=\"wp-block-file\"><a id=\"wp-block-file--media-acdc46ca-abe5-47bf-878a-c7361d557b38\" href=\"https:\/\/mycielewo.pl\/wp-content\/uploads\/2024\/09\/STANDARDY-OCHRONY-MALOLETNICH-Mycielewo.docx\">STANDARDY-OCHRONY-MALOLETNICH-Mycielewo.doc<\/a><a href=\"https:\/\/mycielewo.pl\/wp-content\/uploads\/2024\/09\/STANDARDY-OCHRONY-MALOLETNICH-Mycielewo.docx\" class=\"wp-block-file__button wp-element-button\" download aria-describedby=\"wp-block-file--media-acdc46ca-abe5-47bf-878a-c7361d557b38\">Pobierz<\/a><\/div>\n\n\n\n<div class=\"wp-block-file\"><a id=\"wp-block-file--media-e83d0a0c-7fab-49fe-91d3-6a09260aa458\" href=\"https:\/\/mycielewo.pl\/wp-content\/uploads\/2024\/09\/STANDARDY-OCHRONY-MALOLETNICH-Mycielewo.pdf\">STANDARDY-OCHRONY-MALOLETNICH-Mycielewo.pdf<\/a><a href=\"https:\/\/mycielewo.pl\/wp-content\/uploads\/2024\/09\/STANDARDY-OCHRONY-MALOLETNICH-Mycielewo.pdf\" class=\"wp-block-file__button wp-element-button\" download aria-describedby=\"wp-block-file--media-e83d0a0c-7fab-49fe-91d3-6a09260aa458\">Pobierz<\/a><\/div>\n\n\n\n<div class=\"wp-block-file\"><a id=\"wp-block-file--media-75ffc09f-f1de-4474-82a7-bce6f5d791d4\" href=\"https:\/\/mycielewo.pl\/wp-content\/uploads\/2026\/04\/programy_i_podreczniki_25-26-1.rtf\">programy_i_podreczniki_25-26.doc<\/a><a href=\"https:\/\/mycielewo.pl\/wp-content\/uploads\/2026\/04\/programy_i_podreczniki_25-26-1.rtf\" class=\"wp-block-file__button wp-element-button\" download aria-describedby=\"wp-block-file--media-75ffc09f-f1de-4474-82a7-bce6f5d791d4\">Pobierz<\/a><\/div>\n\n\n\n<div class=\"wp-block-file\"><a id=\"wp-block-file--media-042cbbb7-6bae-41d3-8fd1-4fe69f9c7e7c\" href=\"https:\/\/mycielewo.pl\/wp-content\/uploads\/2026\/04\/programy_i_podreczniki_25-26-1.pdf\">programy_i_podreczniki_25-26.pdf<\/a><a href=\"https:\/\/mycielewo.pl\/wp-content\/uploads\/2026\/04\/programy_i_podreczniki_25-26-1.pdf\" class=\"wp-block-file__button wp-element-button\" download aria-describedby=\"wp-block-file--media-042cbbb7-6bae-41d3-8fd1-4fe69f9c7e7c\">Pobierz<\/a><\/div>\n\n\n\n<p><\/p>\n","protected":false},"excerpt":{"rendered":"<p>W tym miejscu udost\u0119pniamy dokumenty zwi\u0105zane z funkcjonowaniem naszej plac\u00f3wki o\u015bwiatowej.<\/p>\n","protected":false},"author":1,"featured_media":0,"parent":0,"menu_order":0,"comment_status":"open","ping_status":"open","template":"","meta":{"footnotes":""},"class_list":["post-69","page","type-page","status-publish","hentry"],"_links":{"self":[{"href":"https:\/\/mycielewo.pl\/index.php?rest_route=\/wp\/v2\/pages\/69","targetHints":{"allow":["GET"]}}],"collection":[{"href":"https:\/\/mycielewo.pl\/index.php?rest_route=\/wp\/v2\/pages"}],"about":[{"href":"https:\/\/mycielewo.pl\/index.php?rest_route=\/wp\/v2\/types\/page"}],"author":[{"embeddable":true,"href":"https:\/\/mycielewo.pl\/index.php?rest_route=\/wp\/v2\/users\/1"}],"replies":[{"embeddable":true,"href":"https:\/\/mycielewo.pl\/index.php?rest_route=%2Fwp%2Fv2%2Fcomments&post=69"}],"version-history":[{"count":82,"href":"https:\/\/mycielewo.pl\/index.php?rest_route=\/wp\/v2\/pages\/69\/revisions"}],"predecessor-version":[{"id":62967,"href":"https:\/\/mycielewo.pl\/index.php?rest_route=\/wp\/v2\/pages\/69\/revisions\/62967"}],"wp:attachment":[{"href":"https:\/\/mycielewo.pl\/index.php?rest_route=%2Fwp%2Fv2%2Fmedia&parent=69"}],"curies":[{"name":"wp","href":"https:\/\/api.w.org\/{rel}","templated":true}]}}