{"id":640,"date":"2012-01-30T09:23:12","date_gmt":"2012-01-30T09:23:12","guid":{"rendered":"http:\/\/www.mycielewo.interman.com.pl\/?page_id=640"},"modified":"2026-04-06T09:19:37","modified_gmt":"2026-04-06T09:19:37","slug":"bezpieczenstwo-ruchu-drogowego","status":"publish","type":"page","link":"https:\/\/mycielewo.pl\/?page_id=640","title":{"rendered":"Bezpiecze\u0144stwo Ruchu Drogowego"},"content":{"rendered":"<p style=\"text-align: left;\"><strong>1. Testy online i inne pomocne materia\u0142y.<\/strong><\/p>\n<p>Testy pr\u00f3bne na kart\u0119 rowerow\u0105:<\/p>\n<p>a) <a href=\"https:\/\/forms.office.com\/Pages\/ResponsePage.aspx?id=k0swd4fBpUGK1LqYHCmQ0QiX_lFRedxAj9UDNZqE_95UQ0dOSjgzRkJaOVNYT0VFSzhYWDcxNlk1TC4u\">Test pr\u00f3bny na kart\u0119 rowerow\u0105 do nauki 1<\/a><\/p>\n<p>b) <a href=\"https:\/\/forms.office.com\/Pages\/ResponsePage.aspx?id=k0swd4fBpUGK1LqYHCmQ0QiX_lFRedxAj9UDNZqE_95URVBSU0hRWkRRTjlIVzZPMlhUR0FVUVhRMS4u\">Test pr\u00f3bny na kart\u0119 rowerow\u0105 do nauki 2<\/a><\/p>\n<p style=\"text-align: center;\"><a href=\"http:\/\/www.rowerowe-porady.pl\">http:\/\/www.rowerowe-porady.pl<\/a><\/p>\n<p style=\"text-align: center;\">\u00a0Testy do nauki BRD:\u00a0<a href=\"http:\/\/www.spkurow.pl\/karta\/\">http:\/\/www.spkurow.pl\/karta\/<\/a><\/p>\n<p style=\"text-align: center;\">Testy do nauki BRD: <a href=\"https:\/\/brd.edu.pl\/brd2\/testy\/testy.html\">https:\/\/brd.edu.pl\/brd2\/testy\/testy.html<\/a><\/p>\n<p style=\"text-align: center;\">\u00a0Pierwsza pomoc:\u00a0<a href=\"http:\/\/www.pierwszapomoc.net.pl\/index.php\">http:\/\/www.pierwszapomoc.net.pl\/index.php<\/a><\/p>\n<p style=\"text-align: center;\">Przepisy prawne dla rowerzyst\u00f3w:\u00a0<a href=\"http:\/\/wrower.pl\/prawo\/index.html\">http:\/\/wrower.pl\/prawo\/index.html<\/a><\/p>\n<p style=\"text-align: center;\">Sygnalizacja \u015bwietlna:\u00a0<a href=\"http:\/\/www.v10.pl\/prawo\/Sygnaly,swietlne,115.html\">http:\/\/www.v10.pl\/prawo\/Sygnaly,swietlne,115.html<\/a><\/p>\n<p style=\"text-align: center;\">Strona internetowa PZM:\u00a0<a href=\"http:\/\/www.pzm.pl\/bezpieczenstwo-ruchu-drogowego\/turnieje\">http:\/\/www.pzm.pl\/bezpieczenstwo-ruchu-drogowego\/turnieje<\/a><\/p>\n<p style=\"text-align: center;\">Szablony test\u00f3w PZM: <a href=\"http:\/\/www.pzm.pl\/turnieje\/szkola-podstawowa-testy-brd-i-mtm\">http:\/\/www.pzm.pl\/turnieje\/szkola-podstawowa-testy-brd-i-mtm<\/a><\/p>\n<p style=\"text-align: left;\"><strong>2. O turnieju BRD.<\/strong><\/p>\n<p style=\"text-align: center;\"><span style=\"text-decoration: underline;\">Og\u00f3lnopolski Turniej Bezpiecze\u0144stwa w Ruchu Drogowym dla uczni\u00f3w szk\u00f3\u0142 podstawowych.<\/span><\/p>\n<p style=\"text-align: center;\">Regulaminy i wi\u0119cej o turnieju na stronie\u00a0<a href=\"https:\/\/www.pzm.pl\/bezpieczenstwo-ruchu-drogowego-turnieje\/turnieje\">PZM<\/a><\/p>\n<p><span style=\"text-decoration: underline;\">Uczestnicy powinni posiada\u0107:<\/span><\/p>\n<ul>\n<li>kart\u0119 rowerow\u0105<\/li>\n<li>legitymacj\u0119 szkoln\u0105<\/li>\n<li>zgody rodzic\u00f3w na udzia\u0142 z za\u015bwiadczeniem o braku przeciwskaza\u0144 zdrowotnych (za\u0142\u0105czniki)<\/li>\n<\/ul>\n<p style=\"text-align: left;\"><span style=\"text-decoration: underline;\">W turnieju bior\u0105 udzia\u0142 II grupy:<\/span><\/p>\n<p><strong>Grupa I<\/strong> \u2013 4 osoby (2 dziewczynki i 2 ch\u0142opc\u00f3w &#8211; od IV do V oddzia\u0142u)<\/p>\n<p><strong>Grupa II<\/strong> \u2013 3 osoby (p\u0142e\u0107 dowolnie &#8211; powy\u017cej V oddzia\u0142u)<\/p>\n<p><span style=\"text-decoration: underline;\">Rywalizacja obejmuje (szczeg\u00f3\u0142y w regulaminie):<\/span><\/p>\n<ul>\n<li><strong>test skrzy\u017cowa\u0144<\/strong> (10 pyta\u0144 jednokrotnego wyboru), <em>czas rozwi\u0105zania testu nie mo\u017ce przekroczy\u0107 15 minut,<\/em><\/li>\n<li><strong>test z og\u00f3lnych wiadomo\u015bci o ruchu drogowym<\/strong> (25 pyta\u0144 jednokrotnego wyboru), c<em>zas rozwi\u0105zywania testu nie mo\u017ce przekracza\u0107 25 minut,<\/em><\/li>\n<li>jazd\u0119 rowerem w miasteczku ruchu drogowego,<\/li>\n<li>jazd\u0119 sprawno\u015bciow\u0105 rowerem po torze przeszk\u00f3d,<\/li>\n<li>wykonanie zadania z pierwszej pomocy przedmedycznej (do zdobycia maksymalnie 20 pkt).<\/li>\n<\/ul>\n<p><span style=\"text-decoration: underline;\">Za\u0142\u0105czniki:<\/span><\/p>\n<p><a href=\"https:\/\/mycielewo.pl\/wp-content\/uploads\/2024\/05\/oswiadczenie-i-zgoda-rodzicow.doc\">o\u015bwiadczenie-i-zgoda-rodzic\u00f3w<\/a><\/p>\n<p><a href=\"https:\/\/mycielewo.pl\/wp-content\/uploads\/2026\/04\/Gminny-Turniej-BRD-harmonogram-2026.docx\">Gminny Turniej BRD &#8211; harmonogram-2026<\/a><\/p>\n<p><a href=\"https:\/\/mycielewo.pl\/wp-content\/uploads\/2024\/05\/Punktacja-pierwsza-pomoc-2.docx\">Punktacja-pierwsza-pomoc<\/a><\/p>\n<p><a href=\"https:\/\/mycielewo.pl\/wp-content\/uploads\/2026\/04\/Zgloszenie-Druzyny-do-Turnieju-BRD_SP.doc\">Zg\u0142oszenie-Dru\u017cyny-do-Turnieju-BRD_SP<\/a><\/p>\n<p>&nbsp;<\/p>\n<p><span style=\"text-decoration: underline;\">Turnieje z lat poprzednich:<\/span><\/p>\n<p style=\"text-align: center;\"><a href=\"http:\/\/mycielewo.pl\/stara\/index\/brd\/brd2003.html\">BRD 2003<\/a><br \/><a href=\"http:\/\/mycielewo.pl\/?page_id=13255\">BRD 2004<br \/><\/a> <a href=\"http:\/\/mycielewo.pl\/stara\/index\/brd\/brd2005.html\">BRD 2005<\/a><br \/><a href=\"http:\/\/mycielewo.pl\/stara\/index\/brd\/brd2006.html\">BRD 2006<\/a><br \/><a href=\"http:\/\/mycielewo.pl\/stara\/index\/brd\/brd2007.html\">BRD 2007<\/a><br \/><a href=\"http:\/\/mycielewo.pl\/stara\/index\/brd\/brd2008.html\">BRD 2008<\/a><br \/><a href=\"http:\/\/mycielewo.pl\/stara\/index\/brd\/brd2008powiat.html\">BRD 2008 &#8211; rozgrywki powiatowe!<\/a><br \/><a href=\"http:\/\/mycielewo.pl\/stara\/index\/brd\/brd2008okreg.html\">BRD 2008 &#8211; rozgrywki okr\u0119gowe<\/a><br \/><a href=\"http:\/\/mycielewo.pl\/stara\/index\/brd\/brd2009.html\">BRD 2009 &#8211; rozgrywki gminne<\/a><br \/><a href=\"http:\/\/mycielewo.pl\/stara\/index\/brd\/brd2009powiat.html\">BRD 2009 &#8211; rozgrywki powiatowe<\/a><br \/><a href=\"http:\/\/mycielewo.pl\/stara\/index\/brd\/brd2010.html\">BRD 2010 &#8211; rozgrywki gminne<\/a><br \/><a href=\"http:\/\/mycielewo.pl\/stara\/index\/brd\/brd2010powiat.html\">BRD 2010 &#8211; rozgrywki powiatowe<\/a><br \/><a href=\"http:\/\/mycielewo.pl\/stara\/index\/galeria\/brd_2011.html\">BRD 2011 &#8211; turniej gminny<\/a><br \/><a href=\"http:\/\/mycielewo.pl\/stara\/index\/galeria\/brd2011powiat.html\">BRD 2011 &#8211; turniej powiatowy<\/a><br \/><a href=\"http:\/\/mycielewo.pl\/stara\/index\/galeria\/brd2011okreg.html\">BRD 2011 &#8211; turniej okr\u0119gowy<\/a><br \/><a href=\"http:\/\/mycielewo.pl\/?p=1274\">BRD 2012 &#8211; turniej gminny<br \/><\/a><a href=\"http:\/\/mycielewo.pl\/?p=1432\">BRD 2012 &#8211; turniej powiatowy<br \/><\/a><a href=\"http:\/\/mycielewo.pl\/?p=4514\">BRD 2013 &#8211; turniej gminny<br \/><\/a><a href=\"http:\/\/mycielewo.pl\/?p=4968\">BRD 2013 &#8211; turniej powiatowy<br \/><\/a><a href=\"http:\/\/mycielewo.pl\/?p=8470\">BRD 2014 &#8211; turniej gminny<\/a><br \/><a href=\"http:\/\/mycielewo.pl\/?p=8723\">BRD 2014 &#8211; turniej powiatowy<br \/><\/a><a href=\"http:\/\/mycielewo.pl\/?p=11799\">BRD 2015 &#8211; turniej gminny<\/a><\/p>\n<p style=\"text-align: center;\"><a href=\"http:\/\/mycielewo.pl\/?p=12039\">BRD 2015 &#8211; turniej powiatowy<\/a><\/p>\n<p style=\"text-align: center;\"><a href=\"http:\/\/mycielewo.pl\/?p=14935\">BRD 2015 &#8211; turniej okr\u0119gowy<\/a><\/p>\n<p style=\"text-align: center;\"><a href=\"http:\/\/mycielewo.pl\/?p=15265\">BRD 2016 &#8211; turniej gminny<\/a><\/p>\n<p style=\"text-align: center;\"><a href=\"http:\/\/mycielewo.pl\/?p=15390\">BRD 2016 &#8211; turniej powiatowy<br \/><\/a><\/p>\n<p style=\"text-align: center;\"><a href=\"http:\/\/mycielewo.pl\/?p=18860\">BRD 2017 &#8211; turniej gminny<\/a><\/p>\n<p style=\"text-align: center;\"><a href=\"http:\/\/mycielewo.pl\/?p=19077\">BRD 2017 &#8211; turniej powiatowy<\/a><\/p>\n<p style=\"text-align: center;\">BRD 2018 &#8211; turniej gminny<\/p>\n<p style=\"text-align: center;\">BRD 2018 &#8211; turniej powiatowy<\/p>\n<p style=\"text-align: center;\">BRD 2019 &#8211; turniej gminny<\/p>\n<p style=\"text-align: center;\"><a href=\"https:\/\/mycielewo.pl\/?p=30819\">BRD 2019 &#8211; turniej powiatowy<\/a><\/p>\n<p style=\"text-align: center;\"><a href=\"https:\/\/mycielewo.pl\/?p=49138\">BRD 2024 &#8211; turniej gminny<\/a><\/p>\n<p style=\"text-align: center;\"><a href=\"https:\/\/mycielewo.pl\/?p=55493\">BRD 2025 &#8211; turniej gminny<\/a><\/p>\n<p style=\"text-align: left;\"><strong>3. Rowery Tor Przeszk\u00f3d.<\/strong><\/p>\n<div id='gallery-1' class='gallery galleryid-640 gallery-columns-4 gallery-size-thumbnail'><figure class='gallery-item'>\n\t\t\t<div class='gallery-icon landscape'>\n\t\t\t\t<a href='https:\/\/mycielewo.pl\/wp-content\/uploads\/2012\/01\/przeszkoda2.gif'><img loading=\"lazy\" decoding=\"async\" width=\"60\" height=\"60\" src=\"https:\/\/mycielewo.pl\/wp-content\/uploads\/2012\/01\/przeszkoda2-60x60.gif\" class=\"attachment-thumbnail size-thumbnail\" alt=\"\" \/><\/a>\n\t\t\t<\/div><\/figure><figure class='gallery-item'>\n\t\t\t<div class='gallery-icon landscape'>\n\t\t\t\t<a href='https:\/\/mycielewo.pl\/wp-content\/uploads\/2012\/01\/przeszkoda3.gif'><img loading=\"lazy\" decoding=\"async\" width=\"60\" height=\"60\" src=\"https:\/\/mycielewo.pl\/wp-content\/uploads\/2012\/01\/przeszkoda3-60x60.gif\" class=\"attachment-thumbnail size-thumbnail\" alt=\"\" srcset=\"https:\/\/mycielewo.pl\/wp-content\/uploads\/2012\/01\/przeszkoda3-60x60.gif 60w, https:\/\/mycielewo.pl\/wp-content\/uploads\/2012\/01\/przeszkoda3-300x293.gif 300w, https:\/\/mycielewo.pl\/wp-content\/uploads\/2012\/01\/przeszkoda3.gif 600w\" sizes=\"auto, (max-width: 60px) 100vw, 60px\" \/><\/a>\n\t\t\t<\/div><\/figure><figure class='gallery-item'>\n\t\t\t<div class='gallery-icon landscape'>\n\t\t\t\t<a href='https:\/\/mycielewo.pl\/wp-content\/uploads\/2012\/01\/przeszkoda4.gif'><img loading=\"lazy\" decoding=\"async\" width=\"60\" height=\"60\" src=\"https:\/\/mycielewo.pl\/wp-content\/uploads\/2012\/01\/przeszkoda4-60x60.gif\" class=\"attachment-thumbnail size-thumbnail\" alt=\"\" \/><\/a>\n\t\t\t<\/div><\/figure><figure class='gallery-item'>\n\t\t\t<div class='gallery-icon landscape'>\n\t\t\t\t<a href='https:\/\/mycielewo.pl\/wp-content\/uploads\/2012\/01\/przeszkoda5.gif'><img loading=\"lazy\" decoding=\"async\" width=\"60\" height=\"60\" src=\"https:\/\/mycielewo.pl\/wp-content\/uploads\/2012\/01\/przeszkoda5-60x60.gif\" class=\"attachment-thumbnail size-thumbnail\" alt=\"\" \/><\/a>\n\t\t\t<\/div><\/figure><figure class='gallery-item'>\n\t\t\t<div class='gallery-icon landscape'>\n\t\t\t\t<a href='https:\/\/mycielewo.pl\/wp-content\/uploads\/2012\/01\/przeszkoda6.gif'><img loading=\"lazy\" decoding=\"async\" width=\"60\" height=\"60\" src=\"https:\/\/mycielewo.pl\/wp-content\/uploads\/2012\/01\/przeszkoda6-60x60.gif\" class=\"attachment-thumbnail size-thumbnail\" alt=\"\" \/><\/a>\n\t\t\t<\/div><\/figure><figure class='gallery-item'>\n\t\t\t<div class='gallery-icon landscape'>\n\t\t\t\t<a href='https:\/\/mycielewo.pl\/wp-content\/uploads\/2012\/01\/przeszkoda7.gif'><img loading=\"lazy\" decoding=\"async\" width=\"60\" height=\"60\" src=\"https:\/\/mycielewo.pl\/wp-content\/uploads\/2012\/01\/przeszkoda7-60x60.gif\" class=\"attachment-thumbnail size-thumbnail\" alt=\"\" \/><\/a>\n\t\t\t<\/div><\/figure><figure class='gallery-item'>\n\t\t\t<div class='gallery-icon landscape'>\n\t\t\t\t<a href='https:\/\/mycielewo.pl\/wp-content\/uploads\/2012\/01\/przeszkoda8.gif'><img loading=\"lazy\" decoding=\"async\" width=\"60\" height=\"60\" src=\"https:\/\/mycielewo.pl\/wp-content\/uploads\/2012\/01\/przeszkoda8-60x60.gif\" class=\"attachment-thumbnail size-thumbnail\" alt=\"\" \/><\/a>\n\t\t\t<\/div><\/figure><figure class='gallery-item'>\n\t\t\t<div class='gallery-icon landscape'>\n\t\t\t\t<a href='https:\/\/mycielewo.pl\/wp-content\/uploads\/2012\/01\/przeszkoda9.gif'><img loading=\"lazy\" decoding=\"async\" width=\"60\" height=\"60\" src=\"https:\/\/mycielewo.pl\/wp-content\/uploads\/2012\/01\/przeszkoda9-60x60.gif\" class=\"attachment-thumbnail size-thumbnail\" alt=\"\" \/><\/a>\n\t\t\t<\/div><\/figure><figure class='gallery-item'>\n\t\t\t<div class='gallery-icon landscape'>\n\t\t\t\t<a href='https:\/\/mycielewo.pl\/wp-content\/uploads\/2012\/01\/przeszkoda10.gif'><img loading=\"lazy\" decoding=\"async\" width=\"60\" height=\"60\" src=\"https:\/\/mycielewo.pl\/wp-content\/uploads\/2012\/01\/przeszkoda10-60x60.gif\" class=\"attachment-thumbnail size-thumbnail\" alt=\"\" \/><\/a>\n\t\t\t<\/div><\/figure><figure class='gallery-item'>\n\t\t\t<div class='gallery-icon portrait'>\n\t\t\t\t<a href='https:\/\/mycielewo.pl\/wp-content\/uploads\/2012\/01\/przeszkoda11.gif'><img loading=\"lazy\" decoding=\"async\" width=\"60\" height=\"60\" src=\"https:\/\/mycielewo.pl\/wp-content\/uploads\/2012\/01\/przeszkoda11-60x60.gif\" class=\"attachment-thumbnail size-thumbnail\" alt=\"\" \/><\/a>\n\t\t\t<\/div><\/figure><figure class='gallery-item'>\n\t\t\t<div class='gallery-icon landscape'>\n\t\t\t\t<a href='https:\/\/mycielewo.pl\/wp-content\/uploads\/2012\/01\/przeszkoda12.gif'><img loading=\"lazy\" decoding=\"async\" width=\"60\" height=\"60\" src=\"https:\/\/mycielewo.pl\/wp-content\/uploads\/2012\/01\/przeszkoda12-60x60.gif\" class=\"attachment-thumbnail size-thumbnail\" alt=\"\" \/><\/a>\n\t\t\t<\/div><\/figure><figure class='gallery-item'>\n\t\t\t<div class='gallery-icon landscape'>\n\t\t\t\t<a href='https:\/\/mycielewo.pl\/wp-content\/uploads\/2012\/01\/przeszkoda13.gif'><img loading=\"lazy\" decoding=\"async\" width=\"60\" height=\"60\" src=\"https:\/\/mycielewo.pl\/wp-content\/uploads\/2012\/01\/przeszkoda13-60x60.gif\" class=\"attachment-thumbnail size-thumbnail\" alt=\"\" \/><\/a>\n\t\t\t<\/div><\/figure><figure class='gallery-item'>\n\t\t\t<div class='gallery-icon landscape'>\n\t\t\t\t<a href='https:\/\/mycielewo.pl\/wp-content\/uploads\/2012\/01\/przeszkoda1.gif'><img loading=\"lazy\" decoding=\"async\" width=\"60\" height=\"60\" src=\"https:\/\/mycielewo.pl\/wp-content\/uploads\/2012\/01\/przeszkoda1-60x60.gif\" class=\"attachment-thumbnail size-thumbnail\" alt=\"\" \/><\/a>\n\t\t\t<\/div><\/figure><figure class='gallery-item'>\n\t\t\t<div class='gallery-icon portrait'>\n\t\t\t\t<a href='https:\/\/mycielewo.pl\/wp-content\/uploads\/2012\/01\/148.jpg'><img loading=\"lazy\" decoding=\"async\" width=\"60\" height=\"60\" src=\"https:\/\/mycielewo.pl\/wp-content\/uploads\/2012\/01\/148-60x60.jpg\" class=\"attachment-thumbnail size-thumbnail\" alt=\"\" \/><\/a>\n\t\t\t<\/div><\/figure><figure class='gallery-item'>\n\t\t\t<div class='gallery-icon landscape'>\n\t\t\t\t<a href='https:\/\/mycielewo.pl\/wp-content\/uploads\/2012\/01\/235.jpg'><img loading=\"lazy\" decoding=\"async\" width=\"60\" height=\"60\" src=\"https:\/\/mycielewo.pl\/wp-content\/uploads\/2012\/01\/235-60x60.jpg\" class=\"attachment-thumbnail size-thumbnail\" alt=\"\" \/><\/a>\n\t\t\t<\/div><\/figure><figure class='gallery-item'>\n\t\t\t<div class='gallery-icon portrait'>\n\t\t\t\t<a href='https:\/\/mycielewo.pl\/wp-content\/uploads\/2012\/01\/328.jpg'><img loading=\"lazy\" decoding=\"async\" width=\"60\" height=\"60\" src=\"https:\/\/mycielewo.pl\/wp-content\/uploads\/2012\/01\/328-60x60.jpg\" class=\"attachment-thumbnail size-thumbnail\" alt=\"\" srcset=\"https:\/\/mycielewo.pl\/wp-content\/uploads\/2012\/01\/328-60x60.jpg 60w, https:\/\/mycielewo.pl\/wp-content\/uploads\/2012\/01\/328-202x200.jpg 202w\" sizes=\"auto, (max-width: 60px) 100vw, 60px\" \/><\/a>\n\t\t\t<\/div><\/figure><figure class='gallery-item'>\n\t\t\t<div class='gallery-icon landscape'>\n\t\t\t\t<a href='https:\/\/mycielewo.pl\/wp-content\/uploads\/2012\/01\/\u0142uk.gif'><img loading=\"lazy\" decoding=\"async\" width=\"60\" height=\"60\" src=\"https:\/\/mycielewo.pl\/wp-content\/uploads\/2012\/01\/\u0142uk-60x60.gif\" class=\"attachment-thumbnail size-thumbnail\" alt=\"\" \/><\/a>\n\t\t\t<\/div><\/figure><figure class='gallery-item'>\n\t\t\t<div class='gallery-icon landscape'>\n\t\t\t\t<a href='https:\/\/mycielewo.pl\/wp-content\/uploads\/2012\/01\/zatrzymanie.gif'><img loading=\"lazy\" decoding=\"async\" width=\"60\" height=\"60\" src=\"https:\/\/mycielewo.pl\/wp-content\/uploads\/2012\/01\/zatrzymanie-60x60.gif\" class=\"attachment-thumbnail size-thumbnail\" alt=\"\" \/><\/a>\n\t\t\t<\/div><\/figure>\n\t\t<\/div>\n\n<p><span style=\"text-decoration: underline;\">Punkty Karne &#8211; tor przeszk\u00f3d:<\/span><\/p>\n<div class=\"wp-block-image\"><img loading=\"lazy\" decoding=\"async\" class=\"wpa-warning wpa-image-missing-alt alignleft size-full wp-image-62486\" src=\"https:\/\/mycielewo.pl\/wp-content\/uploads\/2026\/04\/Pinktacja-tor.jpg\" alt=\"\" width=\"745\" height=\"926\" data-warning=\"Missing alt text\" \/><\/div>\n<div>\u00a0<\/div>\n<div>\u00a0<\/div>\n<div>\u00a0<\/div>\n<div>\u00a0<\/div>\n<div>\u00a0<\/div>\n<div>\u00a0<\/div>\n<div>\u00a0<\/div>\n<div>\u00a0<\/div>\n<div>\u00a0<\/div>\n<div>\u00a0<\/div>\n<div>\u00a0<\/div>\n<div>\u00a0<\/div>\n<div>\u00a0<\/div>\n<div>\u00a0<\/div>\n<div>\u00a0<\/div>\n<div>\u00a0<\/div>\n<div>\u00a0<\/div>\n<div>\u00a0<\/div>\n<div>\u00a0<\/div>\n<div>\u00a0<\/div>\n<div>\u00a0<\/div>\n<div>\u00a0<\/div>\n<div>\u00a0<\/div>\n<div>\u00a0<\/div>\n<div>\u00a0<\/div>\n<div>\u00a0<\/div>\n<div>\u00a0<\/div>\n<div>\u00a0<\/div>\n<div>\u00a0<\/div>\n<div>\u00a0<\/div>\n<div>\u00a0<\/div>\n<div>\u00a0<\/div>\n<div>\u00a0<\/div>\n<div>\u00a0<\/div>\n<div>\u00a0<\/div>\n<div>\u00a0<\/div>\n<div>\u00a0<\/div>\n<div>\u00a0<\/div>\n<div>\u00a0<\/div>\n<p><strong>4. Pomoc przedmedyczna.<\/strong><\/p>\n<p>Dodatkowo uczestnicy musz\u0105 poradzi\u0107 sobie z pozorowanym zdarzeniem &#8211; wypadkiem i praktycznym udzieleniem pomocy. S\u0105 oczywi\u015bcie za to dodatkowe punkty dla ca\u0142ej dru\u017cyny.<\/p>\n<div class=\"wp-block-image\"><img loading=\"lazy\" decoding=\"async\" class=\"wpa-warning wpa-image-missing-alt alignleft size-full wp-image-62484\" src=\"https:\/\/mycielewo.pl\/wp-content\/uploads\/2026\/04\/punkacja.jpg\" alt=\"\" width=\"917\" height=\"612\" data-warning=\"Missing alt text\" srcset=\"https:\/\/mycielewo.pl\/wp-content\/uploads\/2026\/04\/punkacja.jpg 917w, https:\/\/mycielewo.pl\/wp-content\/uploads\/2026\/04\/punkacja-768x513.jpg 768w\" sizes=\"auto, (max-width: 917px) 100vw, 917px\" \/><\/div>\n<p><strong>5. Miasteczko Ruchu Drogowego.<\/strong><\/p>\n<p>Bardzo wa\u017cnym elementem turnieju jest tak\u017ce przejechanie zgodnie z zasadami ruchu drogowego specjalnie przygotowanego miasteczka ze skrzy\u017cowaniami, przejazdami kolejowymi, itp. Nale\u017cy zaliczy\u0107 punkty kontrolne, tak, by mie\u0107 je po prawej stronie. (zaznaczone na czerwono).<\/p>\n<p><span style=\"text-decoration: underline;\">Punkty Karne &#8211; MRD:<\/span><\/p>\n<div class=\"wp-block-image\"><img loading=\"lazy\" decoding=\"async\" class=\"wpa-warning wpa-image-missing-alt alignleft size-full wp-image-62487\" src=\"https:\/\/mycielewo.pl\/wp-content\/uploads\/2026\/04\/punkty-karne.jpg\" alt=\"\" width=\"1162\" height=\"603\" data-warning=\"Missing alt text\" srcset=\"https:\/\/mycielewo.pl\/wp-content\/uploads\/2026\/04\/punkty-karne.jpg 1162w, https:\/\/mycielewo.pl\/wp-content\/uploads\/2026\/04\/punkty-karne-768x399.jpg 768w\" sizes=\"auto, (max-width: 1162px) 100vw, 1162px\" \/><\/div>\n<div class=\"wp-block-image\"><img loading=\"lazy\" decoding=\"async\" class=\"wpa-warning wpa-image-missing-alt alignleft size-full wp-image-62482\" src=\"https:\/\/mycielewo.pl\/wp-content\/uploads\/2026\/04\/Miasteczko-i-punkty-kontrolne.png\" alt=\"\" width=\"1173\" height=\"1704\" data-warning=\"Missing alt text\" srcset=\"https:\/\/mycielewo.pl\/wp-content\/uploads\/2026\/04\/Miasteczko-i-punkty-kontrolne.png 1173w, https:\/\/mycielewo.pl\/wp-content\/uploads\/2026\/04\/Miasteczko-i-punkty-kontrolne-768x1116.png 768w, https:\/\/mycielewo.pl\/wp-content\/uploads\/2026\/04\/Miasteczko-i-punkty-kontrolne-1057x1536.png 1057w\" sizes=\"auto, (max-width: 1173px) 100vw, 1173px\" \/><\/div>\n<div class=\"wp-block-image\"><img loading=\"lazy\" decoding=\"async\" class=\"wpa-warning wpa-image-missing-alt alignleft size-full wp-image-62375\" src=\"https:\/\/mycielewo.pl\/wp-content\/uploads\/2026\/04\/img001-3.jpg\" alt=\"\" width=\"1793\" height=\"1196\" data-warning=\"Missing alt text\" srcset=\"https:\/\/mycielewo.pl\/wp-content\/uploads\/2026\/04\/img001-3.jpg 1793w, https:\/\/mycielewo.pl\/wp-content\/uploads\/2026\/04\/img001-3-768x512.jpg 768w, https:\/\/mycielewo.pl\/wp-content\/uploads\/2026\/04\/img001-3-1536x1025.jpg 1536w\" sizes=\"auto, (max-width: 1793px) 100vw, 1793px\" \/><\/div>\n<div>\u00a0<\/div>\n<div>\u00a0<\/div>\n<div>\u00a0<\/div>\n<div>\u00a0<\/div>\n<div>\u00a0<\/div>\n\n\n<p><strong>6. Nasze dzia\u0142ania.<\/strong><\/p>\n\n\n\n<p><a href=\"https:\/\/mycielewo.pl\/?p=62435\">Oficjalne otwarcie Miasteczka Rowerowego \u2013 film<\/a><\/p>\n\n\n\n<p><a href=\"https:\/\/mycielewo.pl\/?p=62109\" data-type=\"post\" data-id=\"62109\">Oficjalne otwarcie miasteczka rowerowego!<\/a><\/p>\n\n\n\n<p><a href=\"https:\/\/mycielewo.pl\/?p=61223\">Pierwsze kilometry na nowym miasteczku rowerowym!<\/a><\/p>\n\n\n\n<p><a href=\"https:\/\/mycielewo.pl\/?p=58048\">Pogoda sprzyja, miasteczko si\u0119 rozwija!&nbsp;<\/a><\/p>\n\n\n\n<p><a href=\"https:\/\/mycielewo.pl\/?p=57992\">Nasze miasteczko rowerowe nabiera kszta\u0142t\u00f3w!<\/a><\/p>\n\n\n\n<p><a href=\"https:\/\/mycielewo.pl\/?p=57802\">Rowerowe miasteczko ro\u015bnie w oczach!<\/a> &#8211; rozpocz\u0119cie budowy<\/p>\n\n\n\n<p><a href=\"https:\/\/mycielewo.pl\/?p=57686\">Nowa inwestycja w naszej szkole \u2013 Miasteczko Ruchu Drogowego<\/a><\/p>\n\n\n\n<p><a href=\"https:\/\/mycielewo.pl\/?p=30771\">Inicjatywa wybudowania miasteczka rowerowego<\/a><\/p>\n\n\n\n<p><a href=\"https:\/\/mycielewo.pl\/?p=30900\" data-type=\"post\" data-id=\"30900\"><\/a><a rel=\"noreferrer noopener\" href=\"https:\/\/mycielewo.pl\/?p=30900\" target=\"_blank\">Kolejna dostawa kostki od firmy Protektor Polska!<\/a><\/p>\n\n\n\n<p><a href=\"https:\/\/palukiznin.pl\/artykul\/miasteczko-ruchu-drogowego-w-mycielewie-pod-znakiem-zapytania-mialo-kosztowac-40-000-zl-inflacja-pod\/1089357\">Miasteczko ruchu drogowego w Mycielewie pod znakiem zapytania? &#8211; Andrzej Kulczy\u0144ski na sesji Rady Miejskiej &#8211; artyku\u0142 ze \u017cniskich &#8222;Pa\u0142uk&#8221;.<\/a><\/p>\n\n\n\n<p><a href=\"https:\/\/mycielewo.pl\/?p=49399\">Szkolenie w zakresie bezpiecze\u0144stwa ruchu drogowego<\/a> &#8211; JUMPER<\/p>\n\n\n\n<p><\/p>\n","protected":false},"excerpt":{"rendered":"<p>1. Testy online i inne pomocne materia\u0142y. Testy pr\u00f3bne na kart\u0119 rowerow\u0105: a) Test pr\u00f3bny na kart\u0119 rowerow\u0105 do nauki 1 b) Test pr\u00f3bny na kart\u0119 rowerow\u0105 do nauki 2 http:\/\/www.rowerowe-porady.pl \u00a0Testy do nauki BRD:\u00a0http:\/\/www.spkurow.pl\/karta\/ Testy do nauki BRD: https:\/\/brd.edu.pl\/brd2\/testy\/testy.html \u00a0Pierwsza pomoc:\u00a0http:\/\/www.pierwszapomoc.net.pl\/index.php Przepisy prawne dla rowerzyst\u00f3w:\u00a0http:\/\/wrower.pl\/prawo\/index.html Sygnalizacja \u015bwietlna:\u00a0http:\/\/www.v10.pl\/prawo\/Sygnaly,swietlne,115.html Strona internetowa PZM:\u00a0http:\/\/www.pzm.pl\/bezpieczenstwo-ruchu-drogowego\/turnieje Szablony test\u00f3w PZM: http:\/\/www.pzm.pl\/turnieje\/szkola-podstawowa-testy-brd-i-mtm&hellip; <a class=\"continue\" href=\"https:\/\/mycielewo.pl\/?page_id=640\">Kontynuuj czytanie<span> Bezpiecze\u0144stwo Ruchu Drogowego<\/span><\/a><\/p>\n","protected":false},"author":1,"featured_media":0,"parent":0,"menu_order":0,"comment_status":"open","ping_status":"open","template":"","meta":{"footnotes":""},"class_list":["post-640","page","type-page","status-publish","hentry"],"_links":{"self":[{"href":"https:\/\/mycielewo.pl\/index.php?rest_route=\/wp\/v2\/pages\/640","targetHints":{"allow":["GET"]}}],"collection":[{"href":"https:\/\/mycielewo.pl\/index.php?rest_route=\/wp\/v2\/pages"}],"about":[{"href":"https:\/\/mycielewo.pl\/index.php?rest_route=\/wp\/v2\/types\/page"}],"author":[{"embeddable":true,"href":"https:\/\/mycielewo.pl\/index.php?rest_route=\/wp\/v2\/users\/1"}],"replies":[{"embeddable":true,"href":"https:\/\/mycielewo.pl\/index.php?rest_route=%2Fwp%2Fv2%2Fcomments&post=640"}],"version-history":[{"count":169,"href":"https:\/\/mycielewo.pl\/index.php?rest_route=\/wp\/v2\/pages\/640\/revisions"}],"predecessor-version":[{"id":62490,"href":"https:\/\/mycielewo.pl\/index.php?rest_route=\/wp\/v2\/pages\/640\/revisions\/62490"}],"wp:attachment":[{"href":"https:\/\/mycielewo.pl\/index.php?rest_route=%2Fwp%2Fv2%2Fmedia&parent=640"}],"curies":[{"name":"wp","href":"https:\/\/api.w.org\/{rel}","templated":true}]}}