{"id":57,"date":"2012-01-25T06:34:48","date_gmt":"2012-01-25T06:34:48","guid":{"rendered":"http:\/\/www.mycielewo.interman.com.pl\/?page_id=57"},"modified":"2024-10-02T16:07:18","modified_gmt":"2024-10-02T16:07:18","slug":"oddzial-przedszkolny","status":"publish","type":"page","link":"https:\/\/mycielewo.pl\/?page_id=57","title":{"rendered":"Oddzia\u0142 przedszkolny"},"content":{"rendered":"<p align=\"center\"><b>Oddzia\u0142y przedszkolne<\/b><\/p>\n<p align=\"center\">Kl. 3-4-5 latk\u00f3w &#8222;Motylki&#8221; \u2013 (wych. Dominika Piechowiak)<br \/>\nKl. 6-latk\u00f3w &#8222;Biedronki&#8221; \u2013 (wych. Iwona Wojtkowiak)<\/p>\n<p style=\"text-align: center;\"><a href=\"http:\/\/mycielewo.pl\/?page_id=7906\">Wnioski rekrutacji do pobrania &#8211; zapraszamy do dzia\u0142u rekrutacja<\/a><\/p>\n<p><iframe loading=\"lazy\" title=\"Rekrutacja do Szko\u0142y Podstawowej w Mycielewie\" width=\"830\" height=\"467\" src=\"https:\/\/www.youtube.com\/embed\/jPNxXAzz0Kc?feature=oembed\" frameborder=\"0\" allow=\"accelerometer; autoplay; clipboard-write; encrypted-media; gyroscope; picture-in-picture; web-share\" referrerpolicy=\"strict-origin-when-cross-origin\" allowfullscreen><\/iframe><\/p>\n<p style=\"text-align: center;\">&#8212;&#8212;&#8212;&#8212;&#8212;&#8212;&#8212;&#8212;&#8212;&#8212;&#8212;&#8212;&#8212;&#8212;&#8212;&#8212;&#8212;&#8212;&#8212;&#8212;&#8212;&#8212;-<br \/>\n<strong>K\u0105cik dla rodzic\u00f3w<\/strong><\/p>\n<p style=\"text-align: center;\">\u00a0<a href=\"http:\/\/mycielewo.pl\/wp-content\/uploads\/2012\/01\/podstawa-programowa-wychowania-przedszkolnego.pdf\">podstawa programowa wychowania przedszkolnego<\/a><\/p>\n<p style=\"text-align: center;\"><a href=\"http:\/\/mycielewo.pl\/wp-content\/uploads\/2012\/01\/CHARAKTERYSTYKA-5-latka.pdf\">CHARAKTERYSTYKA 5-latka<\/a><\/p>\n<p style=\"text-align: center;\"><a href=\"http:\/\/mycielewo.pl\/wp-content\/uploads\/2012\/01\/CHARAKTERYSTYKA-6-latka.pdf\">CHARAKTERYSTYKA 6-latka<\/a><\/p>\n<p style=\"text-align: center;\"><a href=\"http:\/\/mycielewo.pl\/wp-content\/uploads\/2012\/01\/Apel-Twojego-dziecka-wg-Korczaka.pdf\">Apel Twojego dziecka wg Korczaka<\/a><\/p>\n<p style=\"text-align: center;\"><a href=\"http:\/\/mycielewo.pl\/wp-content\/uploads\/2012\/01\/Jak-nauczy\u0107-prawid\u0142owo-trzyma\u0107-kredk\u0119.pdf\">Jak nauczy\u0107 prawid\u0142owo trzyma\u0107 kredk\u0119<\/a><\/p>\n<p style=\"text-align: center;\"><a href=\"http:\/\/mycielewo.pl\/wp-content\/uploads\/2012\/01\/Dzia\u0142ania-wspieraj\u0105ce-rozw\u00f3j-dzieci.pdf\">Dzia\u0142ania wspieraj\u0105ce rozw\u00f3j dzieci<\/a><\/p>\n","protected":false},"excerpt":{"rendered":"<p>Oddzia\u0142y przedszkolne Kl. 3-4-5 latk\u00f3w &#8222;Motylki&#8221; \u2013 (wych. Dominika Piechowiak) Kl. 6-latk\u00f3w &#8222;Biedronki&#8221; \u2013 (wych. Iwona Wojtkowiak) Wnioski rekrutacji do pobrania &#8211; zapraszamy do dzia\u0142u rekrutacja &#8212;&#8212;&#8212;&#8212;&#8212;&#8212;&#8212;&#8212;&#8212;&#8212;&#8212;&#8212;&#8212;&#8212;&#8212;&#8212;&#8212;&#8212;&#8212;&#8212;&#8212;&#8212;- K\u0105cik dla rodzic\u00f3w \u00a0podstawa programowa wychowania przedszkolnego CHARAKTERYSTYKA 5-latka CHARAKTERYSTYKA 6-latka Apel Twojego dziecka wg Korczaka Jak nauczy\u0107 prawid\u0142owo trzyma\u0107 kredk\u0119 Dzia\u0142ania wspieraj\u0105ce rozw\u00f3j dzieci<\/p>\n","protected":false},"author":1,"featured_media":0,"parent":0,"menu_order":0,"comment_status":"open","ping_status":"open","template":"","meta":{"footnotes":""},"class_list":["post-57","page","type-page","status-publish","hentry"],"_links":{"self":[{"href":"https:\/\/mycielewo.pl\/index.php?rest_route=\/wp\/v2\/pages\/57","targetHints":{"allow":["GET"]}}],"collection":[{"href":"https:\/\/mycielewo.pl\/index.php?rest_route=\/wp\/v2\/pages"}],"about":[{"href":"https:\/\/mycielewo.pl\/index.php?rest_route=\/wp\/v2\/types\/page"}],"author":[{"embeddable":true,"href":"https:\/\/mycielewo.pl\/index.php?rest_route=\/wp\/v2\/users\/1"}],"replies":[{"embeddable":true,"href":"https:\/\/mycielewo.pl\/index.php?rest_route=%2Fwp%2Fv2%2Fcomments&post=57"}],"version-history":[{"count":42,"href":"https:\/\/mycielewo.pl\/index.php?rest_route=\/wp\/v2\/pages\/57\/revisions"}],"predecessor-version":[{"id":51132,"href":"https:\/\/mycielewo.pl\/index.php?rest_route=\/wp\/v2\/pages\/57\/revisions\/51132"}],"wp:attachment":[{"href":"https:\/\/mycielewo.pl\/index.php?rest_route=%2Fwp%2Fv2%2Fmedia&parent=57"}],"curies":[{"name":"wp","href":"https:\/\/api.w.org\/{rel}","templated":true}]}}