{"id":3233,"date":"2012-10-10T12:14:14","date_gmt":"2012-10-10T12:14:14","guid":{"rendered":"http:\/\/www.mycielewo.interman.com.pl\/?page_id=3233"},"modified":"2024-03-04T12:28:23","modified_gmt":"2024-03-04T12:28:23","slug":"sport2","status":"publish","type":"page","link":"https:\/\/mycielewo.pl\/?page_id=3233","title":{"rendered":"Sport 2012-2013"},"content":{"rendered":"<p>&nbsp;<\/p>\n<p><a href=\"http:\/\/mycielewo.pl\/?attachment_id=3241\" rel=\"attachment wp-att-3241\"><img loading=\"lazy\" decoding=\"async\" class=\"size-full wp-image-3241 aligncenter\" title=\"sport\" alt=\"\" src=\"http:\/\/mycielewo.pl\/wp-content\/uploads\/2012\/10\/sport.jpg\" width=\"283\" height=\"103\" \/><\/a><\/p>\n<p><strong>Wydarzenia sportowe w roku szkolnym 2012-2013:<\/strong><\/p>\n<p>[ic_add_posts category=&#8217;sport&#8217;]<\/p>\n<ul>\n<li><a href=\"http:\/\/mycielewo.pl\/?p=3790\">Mycielewo sz\u00f3ste w wojew\u00f3dztwie!<\/a><\/li>\n<li><a href=\"http:\/\/mycielewo.pl\/?p=3625\">I m. w gminie oraz III m. w powiecie w mini pi\u0142ce r\u0119cznej dziewcz\u0105t szk\u00f3\u0142 podstawowych!<\/a><\/li>\n<li><a href=\"http:\/\/mycielewo.pl\/?p=3122\">Zwyci\u0119stwo w III Turnieju Orlika w Kcyni<\/a><\/li>\n<li><a href=\"http:\/\/mycielewo.pl\/?p=3149\">II miejsce w Turnieju Mini Pi\u0142ki No\u017cnej Dziewcz\u0105t<\/a><\/li>\n<\/ul>\n<p>&nbsp;<\/p>\n<p><a href=\"http:\/\/mycielewo.pl\/?page_id=436\">Wydarzenia sportowe z roku szkolnego 2011-2012<\/a><\/p>\n<p>&nbsp;<\/p>\n<p>&nbsp;<\/p>\n","protected":false},"excerpt":{"rendered":"<p>&nbsp; Wydarzenia sportowe w roku szkolnym 2012-2013: [ic_add_posts category=&#8217;sport&#8217;] Mycielewo sz\u00f3ste w wojew\u00f3dztwie! I m. w gminie oraz III m. w powiecie w mini pi\u0142ce r\u0119cznej dziewcz\u0105t szk\u00f3\u0142 podstawowych! Zwyci\u0119stwo w III Turnieju Orlika w Kcyni II miejsce w Turnieju Mini Pi\u0142ki No\u017cnej Dziewcz\u0105t &nbsp; Wydarzenia sportowe z roku szkolnego 2011-2012 &nbsp; &nbsp;<\/p>\n","protected":false},"author":1,"featured_media":0,"parent":0,"menu_order":0,"comment_status":"open","ping_status":"open","template":"","meta":{"footnotes":""},"class_list":["post-3233","page","type-page","status-publish","hentry"],"_links":{"self":[{"href":"https:\/\/mycielewo.pl\/index.php?rest_route=\/wp\/v2\/pages\/3233","targetHints":{"allow":["GET"]}}],"collection":[{"href":"https:\/\/mycielewo.pl\/index.php?rest_route=\/wp\/v2\/pages"}],"about":[{"href":"https:\/\/mycielewo.pl\/index.php?rest_route=\/wp\/v2\/types\/page"}],"author":[{"embeddable":true,"href":"https:\/\/mycielewo.pl\/index.php?rest_route=\/wp\/v2\/users\/1"}],"replies":[{"embeddable":true,"href":"https:\/\/mycielewo.pl\/index.php?rest_route=%2Fwp%2Fv2%2Fcomments&post=3233"}],"version-history":[{"count":17,"href":"https:\/\/mycielewo.pl\/index.php?rest_route=\/wp\/v2\/pages\/3233\/revisions"}],"predecessor-version":[{"id":42197,"href":"https:\/\/mycielewo.pl\/index.php?rest_route=\/wp\/v2\/pages\/3233\/revisions\/42197"}],"wp:attachment":[{"href":"https:\/\/mycielewo.pl\/index.php?rest_route=%2Fwp%2Fv2%2Fmedia&parent=3233"}],"curies":[{"name":"wp","href":"https:\/\/api.w.org\/{rel}","templated":true}]}}

<p>&nbsp;</p>
<p><a href="http://mycielewo.pl/?attachment_id=3241" rel="attachment wp-att-3241"><img loading="lazy" decoding="async" class="size-full wp-image-3241 aligncenter" title="sport" alt="" src="http://mycielewo.pl/wp-content/uploads/2012/10/sport.jpg" width="283" height="103" /></a></p>
<p><strong>Wydarzenia sportowe w roku szkolnym 2012-2013:</strong></p>
<p>[ic_add_posts category=&#8217;sport&#8217;]</p>
<ul>
<li><a href="http://mycielewo.pl/?p=3790">Mycielewo szóste w województwie!</a></li>
<li><a href="http://mycielewo.pl/?p=3625">I m. w gminie oraz III m. w powiecie w mini piłce ręcznej dziewcząt szkół podstawowych!</a></li>
<li><a href="http://mycielewo.pl/?p=3122">Zwycięstwo w III Turnieju Orlika w Kcyni</a></li>
<li><a href="http://mycielewo.pl/?p=3149">II miejsce w Turnieju Mini Piłki Nożnej Dziewcząt</a></li>
</ul>
<p>&nbsp;</p>
<p><a href="http://mycielewo.pl/?page_id=436">Wydarzenia sportowe z roku szkolnego 2011-2012</a></p>
<p>&nbsp;</p>
<p>&nbsp;</p>

<p>&nbsp; Wydarzenia sportowe w roku szkolnym 2012-2013: [ic_add_posts category=&#8217;sport&#8217;] Mycielewo szóste w województwie! I m. w gminie oraz III m. w powiecie w mini piłce ręcznej dziewcząt szkół podstawowych! Zwycięstwo w III Turnieju Orlika w Kcyni II miejsce w Turnieju Mini Piłki Nożnej Dziewcząt &nbsp; Wydarzenia sportowe z roku szkolnego 2011-2012 &nbsp; &nbsp;</p>
