{"id":27832,"date":"2020-10-22T09:14:36","date_gmt":"2020-10-22T09:14:36","guid":{"rendered":"http:\/\/www.mycielewo.pl\/?page_id=27832"},"modified":"2024-10-02T16:00:59","modified_gmt":"2024-10-02T16:00:59","slug":"nauka-zdalna","status":"publish","type":"page","link":"https:\/\/mycielewo.pl\/?page_id=27832","title":{"rendered":"Nauka zdalna"},"content":{"rendered":"\n<p class=\"has-text-align-center\">Loginy (widoczne s\u0105 w dzienniku cyfrowym) i has\u0142a do odbioru u administratora.<\/p>\n\n\n\n<p class=\"has-text-align-center\">W razie zdalnej formy nauki korzystamy z Microsoft 365.<\/p>\n\n\n\n<p class=\"has-text-align-center\">Logowanie na stronie Microsoft Teams:<\/p>\n\n\n\n<p class=\"has-text-align-center\"><a href=\"https:\/\/teams.microsoft.com\"><em>https:\/\/teams.microsoft.com<\/em><\/a><\/p>\n\n\n\n<p class=\"has-text-align-center\">lub stronie Microsoft 365:<\/p>\n\n\n\n<p class=\"has-text-align-center\"><em><a href=\"http:\/\/www.office.com\">www.office.com<\/a><\/em><\/p>\n\n\n\n<p class=\"has-text-align-center\">gdzie uczniowie i nauczyciele maj\u0105 dost\u0119p, za darmo, do wszystkich aplikacji Microsoft, jak Excel, Word itd.<\/p>\n\n\n\n<p class=\"has-text-align-center has-medium-font-size\"><strong><span style=\"text-decoration: underline;\">Samouczki<\/span><\/strong><\/p>\n\n\n\n<p class=\"has-text-align-center\"><a href=\"https:\/\/www.youtube.com\/watch?v=FRAjhDD0Ws4\">Obs\u0142uga Microsoft Teams z poziomu ucznia<\/a> &#8211; film instrukcja dla ucznia<\/p>\n\n\n\n<p class=\"has-text-align-center\"><a href=\"https:\/\/www.youtube.com\/watch?v=aWUOjCgbsTg\">Przewodnik po Office 365 i MS Teams dla UCZNIA i RODZICA<\/a> &#8211; film dla ucznia i rodzica<\/p>\n\n\n\n<p class=\"has-text-align-center\"><a href=\"http:\/\/MS Teams - Jak poprowadzi\u0107 zdaln\u0105 lekcj\u0119?\">MS Teams &#8211; Jak poprowadzi\u0107 zdaln\u0105 lekcj\u0119?<\/a> &#8211; film instrukcja dla nauczyciela<\/p>\n\n\n\n<p class=\"has-text-align-center\"><a href=\"https:\/\/www.youtube.com\/watch?v=WEyz6CQTtzw\">Generowanie kodu grupy &#8211; film nauczyciel<\/a><\/p>\n\n\n\n<p class=\"has-text-align-center\"><a href=\"https:\/\/www.youtube.com\/watch?v=ByBS8pNk4m4\">Do\u0142\u0105czanie do grupy &#8211; film dla ucznia<\/a><\/p>\n\n\n\n<p class=\"has-text-align-center\"><a href=\"https:\/\/www.youtube.com\/watch?v=D4WtiWdZDHw\">Wysy\u0142anie zada\u0144\/prac w Teams<\/a> &#8211; film dla ucznia<\/p>\n\n\n\n<p class=\"has-text-align-right\"><em>Pozdrawiam i zapraszam do kontaktu &#8211; administrator &#8211; Wawrzyn Nowak <\/em><\/p>\n","protected":false},"excerpt":{"rendered":"<p>Loginy (widoczne s\u0105 w dzienniku cyfrowym) i has\u0142a do odbioru u administratora. W razie zdalnej formy nauki korzystamy z Microsoft 365. Logowanie na stronie Microsoft Teams: https:\/\/teams.microsoft.com lub stronie Microsoft 365: www.office.com gdzie uczniowie i nauczyciele maj\u0105 dost\u0119p, za darmo, do wszystkich aplikacji Microsoft, jak Excel, Word itd. Samouczki Obs\u0142uga Microsoft Teams z poziomu ucznia&hellip; <a class=\"continue\" href=\"https:\/\/mycielewo.pl\/?page_id=27832\">Kontynuuj czytanie<span> Nauka zdalna<\/span><\/a><\/p>\n","protected":false},"author":1,"featured_media":0,"parent":0,"menu_order":0,"comment_status":"closed","ping_status":"closed","template":"","meta":{"footnotes":""},"class_list":["post-27832","page","type-page","status-publish","hentry"],"_links":{"self":[{"href":"https:\/\/mycielewo.pl\/index.php?rest_route=\/wp\/v2\/pages\/27832","targetHints":{"allow":["GET"]}}],"collection":[{"href":"https:\/\/mycielewo.pl\/index.php?rest_route=\/wp\/v2\/pages"}],"about":[{"href":"https:\/\/mycielewo.pl\/index.php?rest_route=\/wp\/v2\/types\/page"}],"author":[{"embeddable":true,"href":"https:\/\/mycielewo.pl\/index.php?rest_route=\/wp\/v2\/users\/1"}],"replies":[{"embeddable":true,"href":"https:\/\/mycielewo.pl\/index.php?rest_route=%2Fwp%2Fv2%2Fcomments&post=27832"}],"version-history":[{"count":39,"href":"https:\/\/mycielewo.pl\/index.php?rest_route=\/wp\/v2\/pages\/27832\/revisions"}],"predecessor-version":[{"id":51128,"href":"https:\/\/mycielewo.pl\/index.php?rest_route=\/wp\/v2\/pages\/27832\/revisions\/51128"}],"wp:attachment":[{"href":"https:\/\/mycielewo.pl\/index.php?rest_route=%2Fwp%2Fv2%2Fmedia&parent=27832"}],"curies":[{"name":"wp","href":"https:\/\/api.w.org\/{rel}","templated":true}]}}