{"id":11481,"date":"2015-03-22T14:10:15","date_gmt":"2015-03-22T14:10:15","guid":{"rendered":"http:\/\/www.mycielewo.interman.com.pl\/?page_id=11481"},"modified":"2024-03-04T12:03:26","modified_gmt":"2024-03-04T12:03:26","slug":"uczen","status":"publish","type":"page","link":"https:\/\/mycielewo.pl\/?page_id=11481","title":{"rendered":"Strefa Ucznia"},"content":{"rendered":"<p><img loading=\"lazy\" decoding=\"async\" class=\" wp-image-10700 alignleft\" src=\"http:\/\/mycielewo.pl\/wp-content\/uploads\/2014\/12\/Obraz1.gif\" alt=\"Obraz1\" width=\"258\" height=\"104\" \/>Drogi uczniu w tej strefie przedstawimy Ci cenne informacje nt. bezpiecznego pos\u0142ugiwania si\u0119 Internetem i zagro\u017ce\u0144 p\u0142yn\u0105cych z niego. Prosz\u0119 zapoznaj si\u0119 z nimi &#8211; to nic nie kosztuje &#8211; a wiedza tu zdobyta na pewno przyniesie efekty.<\/p>\n<h1 style=\"text-align: center;\"><\/h1>\n<h1 class=\"naglowki\"><span style=\"color: #ff0000;\">1. Korzystaj bezpiecznie<\/span><\/h1>\n<div class=\"linia\">\n<ol>\n<li>Je\u017celi zobaczysz wulgarne obrazki na stronie, od razu powiedz to rodzicom.<\/li>\n<li>Je\u017celi kto\u015b b\u0119dzie pr\u00f3bowa\u0142 z Tob\u0105 rozmawia\u0107 na gadu-gadu lub przesy\u0142a\u0142 do Ciebie brzydkie e-maile, wiadomo\u015bci na portalach spo\u0142eczno\u015bciowych, to r\u00f3wnie\u017c musisz zg\u0142osi\u0107 swoim rodzicom, i nie odpisuj na takie wiadomo\u015bci.<\/li>\n<li>Je\u017celi dostaniesz od nieznajomej Ci osoby wiadomo\u015b\u0107 z linkiem do jakiej\u015b strony, nie otwieraj go, najlepiej zignoruj t\u0119 wiadomo\u015b\u0107.<\/li>\n<li>Zawsze czytaj to, co jest napisane ma\u0142ym druczkiem na ko\u0144cu strony, tam mog\u0105 znajdowa\u0107 si\u0119 r\u00f3\u017cne informacje, kt\u00f3re nie zawsze s\u0105 dobre.<\/li>\n<li>Nie wysy\u0142aj sms-\u00f3w na jak\u0105\u015b stron\u0119, je\u017celi nie wiesz, czy ten sms jest na pewno bezp\u0142atny.<\/li>\n<li>Nie pr\u00f3buj nabra\u0107 si\u0119 na r\u00f3\u017cne reklamy, kt\u00f3re wydaj\u0105 Ci si\u0119 fajne, nie jeste\u015b pewien, co tam naprawd\u0119 si\u0119 znajduje. Najlepiej nie zwracaj na nie uwagi.<\/li>\n<\/ol>\n<p><img decoding=\"async\" src=\"http:\/\/bezpieczenstwowsieci.gimnazjumnr2.pl\/grafika\/zarejestruj_dowody.png\" alt=\"\" \/><\/p>\n<\/div>\n<h1><span style=\"color: #ff0000;\">2. Ku przestrodze<\/span><\/h1>\n<p><iframe loading=\"lazy\" title=\"Na zawsze (2015)\" width=\"830\" height=\"467\" src=\"https:\/\/www.youtube.com\/embed\/XH6MEbuvihE?feature=oembed\" frameborder=\"0\" allow=\"accelerometer; autoplay; clipboard-write; encrypted-media; gyroscope; picture-in-picture; web-share\" allowfullscreen><\/iframe><\/p>\n<h1 class=\"naglowki\"><span style=\"color: #ff0000;\">3. Netykieta<\/span><\/h1>\n<div class=\"linia\">\n<ul>\n<li><span id=\"nag\">Nie udost\u0119pniaj swoich danych!\u00a0<\/span>Nie wiadomo, jak inne osoby mog\u0105 to wykorzysta\u0107 przeciwko Tobie. Swoje dane osobowe powiniene\u015b szczeg\u00f3lnie mocno chroni\u0107.<\/li>\n<li><span id=\"nag\">Nie ufaj innym!\u00a0<\/span>Istnieje bowiem niebezpiecze\u0144stwo, \u017ce po drugiej stronie jest pedofil, z\u0142odziej lub haker.<\/li>\n<li><span id=\"nag\">Nie wiesz we wszystko, co jest w sieci!\u00a0<\/span>W sieci s\u0105 r\u00f3\u017cne strony udaj\u0105ce normalne serwisy, kt\u00f3re chc\u0105 tylko wy\u0142udzi\u0107 Tw\u00f3j adres e-mail i zala\u0107 twoj\u0105 skrzynk\u0119 odbiorcz\u0105 tonami spamu. W internecie na wielu stronach jest te\u017c stek k\u0142amstw.<\/li>\n<li><span id=\"nag\">Nie umawiaj si\u0119 z nieznajomymi poznanymi przez Internet!\u00a0<\/span>Jest to bowiem ogromne niebezpiecze\u0144stwo. R\u00f3\u017cni psychopaci tylko na to czekaj\u0105.<\/li>\n<li><span id=\"nag\">Nie odpowiadaj na zaczepki!\u00a0<\/span>Je\u017celi kto\u015b wysy\u0142a Ci obra\u017aliwe e-maile, nie odpowiadaj. Nadawca tylko na to czeka. Je\u015bli jednak bardzo Ci\u0119 to niepokoi, powiadom policj\u0119.<\/li>\n<li><span id=\"nag\">Nie podawaj innym has\u0142a!\u00a0<\/span>Osoba znaj\u0105ca Twoje has\u0142o mo\u017ce bowiem wysy\u0142a\u0107 obra\u017aliwe wiadomosci do Twoich znajomych, podaj\u0105c si\u0119 za Ciebie.<\/li>\n<li><span id=\"nag\">Nie u\u017cywaj webkamery ,gdy rozmawiasz z obcym!\u00a0<\/span>Je\u017celi jednak ju\u017c si\u0119 na to zdecydujesz ,to tylko wtedy ,gdy druga osoba tak\u017ce udost\u0119pni po\u0142\u0105czenie wideo.<\/li>\n<li><span id=\"nag\">Zabezpiecz sw\u00f3j komputer!\u00a0<\/span>Wa\u017cne jest, by\u015b nie \u0142apa\u0142 wirus\u00f3w np. \u015bci\u0105gaj\u0105c czy otwieraj\u0105c r\u00f3\u017cne pliki. Dlatego tak istotne jest, by mie\u0107 program antywirusowy czy antyspamowy.<\/li>\n<\/ul>\n<h1>\u00a0<span style=\"color: #ff0000;\">4. Co zrobi\u0107, gdy masz problem?<\/span><\/h1>\n<p>Porozmawiaj z rodzicem, pedagogiem, nauczycielem lub po prostu zadzwo\u0144 116 111.<\/p>\n<p><iframe loading=\"lazy\" title=\"116 111 \u2013 telefon zaufania dla dzieci i m\u0142odzie\u017cy\" width=\"830\" height=\"467\" src=\"https:\/\/www.youtube.com\/embed\/IWi9jaIaWI8?feature=oembed\" frameborder=\"0\" allow=\"accelerometer; autoplay; clipboard-write; encrypted-media; gyroscope; picture-in-picture; web-share\" allowfullscreen><\/iframe><\/p>\n<\/div>\n","protected":false},"excerpt":{"rendered":"<p>Drogi uczniu w tej strefie przedstawimy Ci cenne informacje nt. bezpiecznego pos\u0142ugiwania si\u0119 Internetem i zagro\u017ce\u0144 p\u0142yn\u0105cych z niego. Prosz\u0119 zapoznaj si\u0119 z nimi &#8211; to nic nie kosztuje &#8211; a wiedza tu zdobyta na pewno przyniesie efekty. 1. Korzystaj bezpiecznie Je\u017celi zobaczysz wulgarne obrazki na stronie, od razu powiedz to rodzicom. Je\u017celi kto\u015b b\u0119dzie&hellip; <a class=\"continue\" href=\"https:\/\/mycielewo.pl\/?page_id=11481\">Kontynuuj czytanie<span> Strefa Ucznia<\/span><\/a><\/p>\n","protected":false},"author":1,"featured_media":0,"parent":0,"menu_order":0,"comment_status":"open","ping_status":"open","template":"","meta":{"footnotes":""},"class_list":["post-11481","page","type-page","status-publish","hentry"],"_links":{"self":[{"href":"https:\/\/mycielewo.pl\/index.php?rest_route=\/wp\/v2\/pages\/11481","targetHints":{"allow":["GET"]}}],"collection":[{"href":"https:\/\/mycielewo.pl\/index.php?rest_route=\/wp\/v2\/pages"}],"about":[{"href":"https:\/\/mycielewo.pl\/index.php?rest_route=\/wp\/v2\/types\/page"}],"author":[{"embeddable":true,"href":"https:\/\/mycielewo.pl\/index.php?rest_route=\/wp\/v2\/users\/1"}],"replies":[{"embeddable":true,"href":"https:\/\/mycielewo.pl\/index.php?rest_route=%2Fwp%2Fv2%2Fcomments&post=11481"}],"version-history":[{"count":10,"href":"https:\/\/mycielewo.pl\/index.php?rest_route=\/wp\/v2\/pages\/11481\/revisions"}],"predecessor-version":[{"id":41988,"href":"https:\/\/mycielewo.pl\/index.php?rest_route=\/wp\/v2\/pages\/11481\/revisions\/41988"}],"wp:attachment":[{"href":"https:\/\/mycielewo.pl\/index.php?rest_route=%2Fwp%2Fv2%2Fmedia&parent=11481"}],"curies":[{"name":"wp","href":"https:\/\/api.w.org\/{rel}","templated":true}]}}