{"id":10270,"date":"2014-10-21T19:12:34","date_gmt":"2014-10-21T19:12:34","guid":{"rendered":"http:\/\/www.mycielewo.interman.com.pl\/?page_id=10270"},"modified":"2022-12-21T09:47:25","modified_gmt":"2022-12-21T09:47:25","slug":"absolwenci","status":"publish","type":"page","link":"https:\/\/mycielewo.pl\/?page_id=10270","title":{"rendered":"Absolwenci"},"content":{"rendered":"<p style=\"text-align: center;\"><span style=\"color: #339966;\"><strong>Absolwenci Szko\u0142y w Mycielewie\u00a0<\/strong><\/span><\/p>\n<p><strong>Rok 2022<\/strong> &#8211; Brz\u00f3zka Dominik, Czechowska Claudia, Dolatowski Bartosz, Dubiel Kinga, Fornalczyk Majka, Go\u0142\u0105b Dawid, Hak Amadeusz, Jurek Agata, Katafiasz Julia, Kr\u0119cisz Patryk, Kwiatkowski Oskar, Lis Honorata, Lisiecki Hubert, \u0141oso\u015b Hubert, Pazderska Zuzanna, Pe\u0142ka Micha\u0142, Repczy\u0144ska Anna, Siekierski Mi\u0142osz, Skrzy\u0144ska Natasza, Sojka Fabian, Stypczy\u0144ski Kacper, Tabor Jakub, Amelia Winkowska, Winkowski Krzysztof, Zych Sara.<\/p>\n<p><strong>Rok 2021<\/strong> &#8211; Czechowska Kinga, Kaczmarek Bartosz, Kwiatkowski Patryk, Lis Hubert, Lulka Stanis\u0142aw, Nogowski Miko\u0142aj, Nowakowska Zofia, Obszy\u0144ski Adrian, Pazderska Ewlina, Pazderska Natalia, Przybylski Dawid, Przybylski Sebastian, Senska Marta, Strzy\u017cewska Aleksandra, Szczepaniak Marcin, Tracz Alan, Zygiel Patrycja.<\/p>\n<p><strong>Rok 2020 &#8211; <\/strong>Buksa Martyna, Czechowski Bartosz Patryk, Dolatowska Nicole, Fr\u0105tczak Izabela, Hadrych Klaudia, Janicki Piotr, Je\u017c Joanna, Jurek Weronika, Katafiasz Natalia Anna, Kluj Martyna, Konopka Karolina, Krawczak Piotr Pawe\u0142, Le\u015bniewicz Martyna Maria, Majewski Pawe\u0142, Mlicki Jakub Tomasz, Obszy\u0144ski Szymon, Przybylska Wiktoria, Skrzy\u0144ska Monika, Stypczy\u0144ska Wiktoria, Suszko Izabela, Winkowski Patryk.<\/p>\n<p><strong>Rok 2019 &#8211;<\/strong> Borzych Krzysztof Albert, Ciesielska Kinga, Dubiel Jagoda, Jaszak Bart\u0142omiej, Kaleta Piotr Jan, Motyka Dominika, Napiera\u0142a Nikodem, Obszy\u0144ska Wiktoria, Otto Kacper Artur, Roguszka Wiktoria, Rzepa Wiktoria, Sala Marta, Sojka Mateusz, Sowa Kamil, Spychalska Julia, Stupek Sandra, \u015aliwa Kacper Stefan, Trzebiatowska Zuzanna Agnieszka, Trzpis Kacper, Wojtecki Maciej, Zygiel Jakub, Czernecki Patryk, Janeczko Sylwia, Kaczmarek Wiktoria Bernadeta, Kemnitz Julia, Knasi\u0144ski Jakub Jacek, Korbal Filip Leon, Lemke Martyna, Nawrocka Weronika Maria, Owedyk Eryk, Owedyk Laura, Szczukowska Oktawia, \u015awitalski Adrian, Wi\u015bniewska Jagoda, Wo\u017aniak Dominik, Ziarniewicz Patryk, Gieryk Kacper Eugeniusz, Marciniak Agata Anna, Bojas Patrycja Anna, Brzykcy Szymon, Buksa Jagoda, Che\u0142miniak Sandra, Go\u0142\u0105b Maja Katarzyna, Je\u017c Weronika, Kaleta Marcin Stanis\u0142aw, Katafiasz Marcel Hubert, Konopka Tatiana, Kwiatkowska Roksana, \u0141oso\u015b B\u0142a\u017cej, Nogowska Julia Monika, Roguszka Kinga, Rosiak Marta, Rosiak Wojciech, Sp\u0142awska Anastazja Maria, Strzy\u017cewski Pawe\u0142 Jan, Stypczy\u0144ski Bart\u0142omiej Adrian, Tubiszewska Patrycja, Wa\u0142kiewicz Malwina, Suszko Aleksandra Maria, Ba\u0142ka Kacper Arkadiusz.<\/p>\n<p><strong>Rok 2018<\/strong> &#8211; Borzych Natalia, Chmura \u0141ukasz, Ciesielska Ewa Agnieszka, Grzegorek Zuzanna, Ha\u0142as Szymon Kacper, Kaczmarek Kacper, Kocia\u0142kowska Paula, Konopka Dominika, Koz\u0142owska Magdalena, \u0141ukomska Oliwia Magdalena, Matuszak Jakub, Mlicka Dominika, Obszy\u0144ska Martyna, Palacz Martyna, Str\u00f3\u017cyk Kaja Julianna, Strzy\u017cewska Zofia, Stypczy\u0144ski Miko\u0142aj, Trzaskowska Roksana Krystyna, Wcise\u0142 Marika Joanna, Winkowski Mateusz, Wi\u015bniewska Gracjana, Wojtkowiak Roksana Michalina, Zdanowski Wojciech, Ziemi\u0144ska Julia Barbara.<\/p>\n<p><strong>Rok 2017\u00a0<\/strong>&#8211; Ba\u0142ka Kamila, B\u0142ochowiak Klaudia, Czaja Sebastian, Flig Eliza Henryka, Hajubowska Roksana, Ka\u017amierczak Dawid, Kr\u0119cisz Natalia, Kwiatkowska Wioletta Joanna, Lewandowska Magdalena Maria, Mlicka Zuzanna Irena, Obszy\u0144ska Izabela, Piasecki Antoni, Pietrzakowska Klaudia, Sowa Miko\u0142aj, Su\u0142kowski Daniel, Wes\u00f3\u0142 Szymon, Winkowska Julia Michalina, Zdanowski Klaudiusz, Zych Klaudia, Chmura Miko\u0142aj, Czechowski Dominik, Jodda Martyna Ewa, Kania Marcin Piotr, Kiepiela Sandra, Korbal Dominik Piotr, Krzy\u017canowski Rafa\u0142, Nowak Filip Krzysztof, Nowak Tomasz, Rogowska Weronika, Szczukowski Krystian, \u015awital Zuzanna, Wiejaczka Zuzanna, Wiland Martyna, Winkowska Sara Krystyna, Wo\u017aniak Pawe\u0142, Ziemi\u0144ski Artur Bo\u017cydar.<\/p>\n<p><strong>Rok 2016 <\/strong>&#8211; Broniecki Miko\u0142aj, Chodorowski Filip, Czerniak Martyna, Frydrych Wiktoria, Hotla\u015b Piotr, Jakubowski Bartosz, Jaszak Dorota, Kemnitz Oliwia, Kubiak Natalia, Kwiatkowska Daria, Ma\u0142achowska Angelika, Meller Mateusz, Meller Mariusz, Markiel Karolina, Motyka Klaudia, Paca\u0142a Dawid, Pawlak Iza, Smorga Milena, Stanis\u0142awczyk Klaudia, Stypczy\u0144ski Marcin, Szczepaniak Mateusz, Szczukowski Jakub, Wes\u00f3\u0142 Weronika, Wiankowska Joanna, Winkowska Magdalena, Winkowski Bartosz<\/p>\n<p><strong>Rok 2015<\/strong> &#8211;\u00a0Chmura Kacper Piotr,\u00a0Cie\u017cak Daria,\u00a0Cie\u017cak Maciej,\u00a0Cyranowska Marta,\u00a0Je\u017c Mariusz \u0141ukasz,\u00a0Jarecki Mateusz,\u00a0Jodda Adam,\u00a0Kalinowska Dominika, Kiepiela Przemys\u0142aw Dawid,\u00a0Kowalczyk Anna,\u00a0Korbal Sandra Maria,\u00a0Kuliberda Adrianna,\u00a0Kwiatkowska Klaudia,\u00a0Paca\u0142a Adrian,\u00a0Poczekaj Anna Maria,\u00a0Roguszka Filip,\u00a0Rosiak Jakub,\u00a0Sp\u0142awska Julia Anna,\u00a0Stypczy\u0144ska Karolina,\u00a0Szczukowski Mateusz,\u00a0Szudy Kacper Miko\u0142aj,\u00a0Tracz Izabela Irena,\u00a0Trojanowska Natalia,\u00a0Wiejaczka Tomasz,\u00a0Winkowski Robert Jan,\u00a0Wi\u015bniewski Sebastian Lucjan,\u00a0Wojtecki Mateusz,\u00a0Wo\u017cniak Dariusz,\u00a0Zmudzi\u0144ski Kamil,\u00a0Zygiel Weronika<\/p>\n<p><strong>Rok 2014<\/strong> &#8211; Bagnerowska Klaudia, Banasiak Tomasz, Bia\u0142as Katarzyna Jagoda, Dubiel Katarzyna, Guzik Justyna Jagoda, Janicki Maciej, Jaszak Katarzyna, Kania Marta, Koz\u0142owski Patryk Damian, Kra\u015bniewska Karina, Matuszak Filip, Mika Daria Katarzyna, Miko\u0142ajczyk Krystian, Lemke Seweryn, Obremski Mateusz, Owedyk Weronika, Paszkiet Filip Piotr, Stanis\u0142awczyk Pawe\u0142, Str\u00f3\u017cyk Klaudia Marianna, Stupek Martyna, Stypczy\u0144ska Martyna Maria, Stypczy\u0144ska Paulina Janina, Wiankowska Natalia, Wiland Ola.<\/p>\n","protected":false},"excerpt":{"rendered":"<p>Absolwenci Szko\u0142y w Mycielewie\u00a0 Rok 2022 &#8211; Brz\u00f3zka Dominik, Czechowska Claudia, Dolatowski Bartosz, Dubiel Kinga, Fornalczyk Majka, Go\u0142\u0105b Dawid, Hak Amadeusz, Jurek Agata, Katafiasz Julia, Kr\u0119cisz Patryk, Kwiatkowski Oskar, Lis Honorata, Lisiecki Hubert, \u0141oso\u015b Hubert, Pazderska Zuzanna, Pe\u0142ka Micha\u0142, Repczy\u0144ska Anna, Siekierski Mi\u0142osz, Skrzy\u0144ska Natasza, Sojka Fabian, Stypczy\u0144ski Kacper, Tabor Jakub, Amelia Winkowska, Winkowski Krzysztof,&hellip; <a class=\"continue\" href=\"https:\/\/mycielewo.pl\/?page_id=10270\">Kontynuuj czytanie<span> Absolwenci<\/span><\/a><\/p>\n","protected":false},"author":1,"featured_media":0,"parent":0,"menu_order":0,"comment_status":"open","ping_status":"open","template":"","meta":{"footnotes":""},"class_list":["post-10270","page","type-page","status-publish","hentry"],"_links":{"self":[{"href":"https:\/\/mycielewo.pl\/index.php?rest_route=\/wp\/v2\/pages\/10270","targetHints":{"allow":["GET"]}}],"collection":[{"href":"https:\/\/mycielewo.pl\/index.php?rest_route=\/wp\/v2\/pages"}],"about":[{"href":"https:\/\/mycielewo.pl\/index.php?rest_route=\/wp\/v2\/types\/page"}],"author":[{"embeddable":true,"href":"https:\/\/mycielewo.pl\/index.php?rest_route=\/wp\/v2\/users\/1"}],"replies":[{"embeddable":true,"href":"https:\/\/mycielewo.pl\/index.php?rest_route=%2Fwp%2Fv2%2Fcomments&post=10270"}],"version-history":[{"count":8,"href":"https:\/\/mycielewo.pl\/index.php?rest_route=\/wp\/v2\/pages\/10270\/revisions"}],"predecessor-version":[{"id":34512,"href":"https:\/\/mycielewo.pl\/index.php?rest_route=\/wp\/v2\/pages\/10270\/revisions\/34512"}],"wp:attachment":[{"href":"https:\/\/mycielewo.pl\/index.php?rest_route=%2Fwp%2Fv2%2Fmedia&parent=10270"}],"curies":[{"name":"wp","href":"https:\/\/api.w.org\/{rel}","templated":true}]}}